the prime factors of 2640537615.
3, 5, 463, 380207
List the prime factors of 81132825.
3, 5, 1081771
What are the prime factors of 69952251?
3, 23317417
List the prime factors of 61489926.
2, 3, 31, 263, 419
What are the prime factors of 864066218?
2, 3389, 127481
List the prime factors of 4666438213.
4666438213
List the prime factors of 667324789.
97, 1483, 4639
List the prime factors of 1469895885.
3, 5, 29, 1126357
What are the prime factors of 115955851?
11, 71, 148471
List the prime factors of 727595083.
139, 179, 29243
What are the prime factors of 16962366?
2, 3, 2827061
List the prime factors of 45368259.
3, 23, 73, 9007
List the prime factors of 113769339.
3, 23, 37, 44563
What are the prime factors of 27263859?
3, 7, 1298279
List the prime factors of 2313985402.
2, 37, 43, 727211
What are the prime factors of 73168124?
2, 18292031
List the prime factors of 910943492.
2, 521, 437113
List the prime factors of 14201439.
3, 7, 676259
What are the prime factors of 3074562215?
5, 467, 1316729
List the prime factors of 47443016.
2, 251, 23627
List the prime factors of 1729786928.
2, 108111683
What are the prime factors of 145157322?
2, 3, 17, 1423111
What are the prime factors of 909154205?
5, 29, 31, 257, 787
What are the prime factors of 3394524626?
2, 71, 23905103
List the prime factors of 373622572.
2, 983, 95021
List the prime factors of 220932677.
7, 31561811
List the prime factors of 147918957.
3, 23, 2143753
List the prime factors of 5643732774.
2, 3, 71, 701, 18899
List the prime factors of 158442165.
3, 5, 7, 313, 1607
List the prime factors of 63649527.
3, 157, 337, 401
What are the prime factors of 5039460121?
43, 83, 1412009
List the prime factors of 8184786384.
2, 3, 4013, 42491
List the prime factors of 19039564.
2, 61, 78031
List the prime factors of 1101098124.
2, 3, 7, 161831
What are the prime factors of 691708500?
2, 3, 5, 7, 3137
What are the prime factors of 184766426?
2, 13, 1471, 4831
List the prime factors of 99465945.
3, 5, 6631063
What are the prime factors of 82236289?
82236289
What are the prime factors of 1650307814?
2, 19, 29, 1497557
List the prime factors of 332488963.
332488963
List the prime factors of 155872994.
2, 77936497
What are the prime factors of 164612636?
2, 233, 347, 509
List the prime factors of 1816457892.
2, 3, 263, 575557
What are the prime factors of 18308612?
2, 7, 653879
What are the prime factors of 1115419493?
1115419493
What are the prime factors of 1388049618?
2, 3, 231341603
List the prime factors of 534240521.
17, 37, 849349
List the prime factors of 24745513.
13, 1903501
List the prime factors of 6906674.
2, 3453337
What are the prime factors of 1076297316?
2, 3, 3373, 26591
List the prime factors of 197021299.
53, 311, 11953
List the prime factors of 473477751.
3, 29, 604697
What are the prime factors of 1755941685?
3, 5, 131, 893609
What are the prime factors of 6288694?
2, 47, 149, 449
List the prime factors of 24167099.
11, 53, 41453
What are the prime factors of 1736415747?
3, 11, 3467, 5059
What are the prime factors of 30803504?
2, 1925219
List the prime factors of 33493199.
1471, 22769
List the prime factors of 295559427.
3, 103, 956503
What are the prime factors of 4397234220?
2, 3, 5, 19, 1285741
List the prime factors of 19229838.
2, 3, 3204973
What are the prime factors of 1452322508?
2, 7, 13, 3989897
What are the prime factors of 5301278887?
12917, 410411
What are the prime factors of 201933425?
5, 19, 425123
List the prime factors of 44776959.
3, 73, 204461
List the prime factors of 34716417.
3, 223, 51893
List the prime factors of 13279372.
2, 23, 144341
List the prime factors of 653969353.
641, 1020233
List the prime factors of 742177766.
2, 11, 33735353
List the prime factors of 16123170.
2, 3, 5, 7, 76777
List the prime factors of 543301218.
2, 3, 30183401
List the prime factors of 959999896.
2, 119999987
What are the prime factors of 846432085?
5, 23, 41, 179519
What are the prime factors of 273289710?
2, 3, 5, 409, 22273
What are the prime factors of 2247317805?
3, 5, 17, 8813011
What are the prime factors of 54734432?
2, 173, 9887
What are the prime factors of 1508188605?
3, 5, 7, 11, 79, 16529
List the prime factors of 1614608.
2, 100913
What are the prime factors of 382822681?
1931, 198251
List the prime factors of 27534956.
2, 23, 37, 8089
List the prime factors of 1124538054.
2, 3, 187423009
List the prime factors of 219375633.
3, 17, 23, 29, 6449
List the prime factors of 1146495544.
2, 143311943
What are the prime factors of 10189287?
3, 239, 1579
What are the prime factors of 9467750?
2, 5, 37871
List the prime factors of 3346073861.
13, 257390297
List the prime factors of 156892165.
5, 43, 97, 7523
List the prime factors of 250328369.
2837, 88237
List the prime factors of 89364088.
2, 11, 1015501
List the prime factors of 81559431.
3, 9062159
List the prime factors of 57109983.
3, 7, 2719523
List the prime factors of 13996200.
2, 3, 5, 23327
What are the prime factors of 62833704?
2, 3, 109, 24019
List the prime factors of 69178076.
2, 11, 139, 11311
List the prime factors of 126698864.
2, 521, 15199
List the prime factors of 3629085885.
3, 5, 2351, 34303
What are the prime factors of 11970427?
7, 1710061
What are the prime factors of 2139170818?
2, 41, 2659, 9811
What are the prime factors of 721465276?
2, 7, 181, 142357
What are the prime factors of 125043496?
2, 71, 220147
List the prime factors of 1488273476.
2, 18521, 20089
What are the prime factors of 9207514699?
271, 33976069
List the prime factors of 156071999.
156071999
List the prime factors of 19926036.
2, 3, 13, 42577
What are the prime factors of 73536457?
131, 561347
What are the prime factors of 1369333478?
2, 59, 11604521
List the prime factors of 281518354.
2, 13, 10827629
List the prime factors of 8451809352.
2, 3, 7, 17, 328813
List the prime factors of 58368076.
2, 13, 19, 59077
List the prime factors of 261168785.
5, 757, 69001
List the prime factors of 1227234831.
3, 409078277
List the prime factors of 64564599.
3, 11, 31, 63113
What are the prime factors of 2145054683?
2145054683
What are the prime factors of 158843882?
2, 79421941
List the prime factors of 2603330304.
2, 3, 71, 47743
What are the prime factors of 3319705435?
5, 2857, 232391
List the prime factors of 16642968.
2, 3, 71, 9767
What are the prime factors of 512324209?
512324209
What are the prime factors of 266378326?
2, 149, 269, 3323
What are the prime factors of 45937559?
2503, 18353
List the prime factors of 1984127002.
2, 11, 13, 593, 11699
What are the prime factors of 504332858?
2, 179, 439, 3209
What are the prime factors of 1672474621?
3623, 461627
What are the prime factors of 3007707300?
2, 3, 5, 13, 257069
List the prime factors of 1925274417.
3, 11, 29, 179, 11239
What are the prime factors of 398362480?
2, 5, 4979531
What are the prime factors of 7353943?
7353943
What are the prime factors of 1635464075?
5, 7, 283, 33023
List the prime factors of 11591909.
7, 17, 29, 3359
What are the prime factors of 101257261?
7, 83, 174281
What are the prime factors of 354076929?
3, 71, 547, 1013
What are the prime factors of 3500714225?
5, 140028569
List the prime factors of 1241337743.
31, 67, 597659
List the prime factors of 430359409.
430359409
What are the prime factors of 259353460?
2, 5, 223, 58151
What are the prime factors of 1401714867?
3, 7, 4051, 16477
What are the prime factors of 916687946?
2, 19, 24123367
What are the prime factors of 91923857?
91923857
What are the prime factors of 4203796185?
3, 5, 89, 97, 3607
What are the prime factors of 5531939874?
2, 3, 83, 373, 1103
List the prime factors of 688288775.
5, 17, 19, 85237
What are the prime factors of 481498910?
2, 5, 127, 379133
List the prime factors of 3104062872.
2, 3, 53, 2440301
What are the prime factors of 1337077039?
1337077039
What are the prime factors of 1144058850?
2, 3, 5, 11, 77041
What are the prime factors of 4872185338?
2, 13309, 183041
What are the prime factors of 69371124?
2, 3, 5780927
List the prime factors of 51911073.
3, 29, 103, 1931
List the prime factors of 245984569.
9817, 25057
List the prime factors of 78575701.
78575701
List the prime factors of 1169106773.
1169106773
What are the prime factors of 1375214343?